6, what is 5 + -1332?
-1323
In base 6, what is 21 - 50?
-25
In base 16, what is -ef0 + 9?
-ee7
In base 10, what is 167 + 19?
186
In base 10, what is 3 - 505?
-502
In base 9, what is 23 - 86?
-63
In base 16, what is ea + 1?
eb
In base 10, what is 3 - 907?
-904
In base 5, what is -323 + 4?
-314
In base 7, what is -351 - 2?
-353
In base 9, what is 380 - 1?
378
In base 15, what is 672 - -2?
674
In base 9, what is 170 - -42?
222
In base 7, what is 3 - 11?
-5
In base 7, what is 13621 - 4?
13614
In base 16, what is -2 - -db?
d9
In base 8, what is 477 - 4?
473
In base 8, what is -350 + 1?
-347
In base 5, what is 332 + 30?
412
In base 14, what is c0 - 0?
c0
In base 6, what is 2 + 155?
201
In base 16, what is 0 - -226?
226
In base 5, what is -10 - 1011?
-1021
In base 11, what is -2 - -5a?
58
In base 2, what is -10001101 + 111?
-10000110
In base 16, what is b5fe + -4?
b5fa
In base 11, what is 614 + -2?
612
In base 15, what is 2 - 60?
-5d
In base 11, what is -9 + -29?
-37
In base 7, what is 1 - -1030?
1031
In base 4, what is 1 - 332?
-331
In base 11, what is 5 + -a25?
-a20
In base 3, what is -111 + 11?
-100
In base 3, what is -20020 + 1020?
-12000
In base 6, what is 0 - -2224?
2224
In base 2, what is 11 + 101000?
101011
In base 15, what is -78 + 0?
-78
In base 3, what is -20100 + 21?
-20002
In base 9, what is 4 + -22?
-17
In base 16, what is 2e + -1?
2d
In base 3, what is 2 - -200221?
201000
In base 14, what is 9 - -c?
17
In base 3, what is 21100 + -10010?
11020
In base 12, what is -52 - 5?
-57
In base 15, what is -1 - -3d8?
3d7
In base 11, what is -83 - 9?
-91
In base 3, what is -100110 - 20?
-100200
In base 13, what is 4 + 1c?
23
In base 12, what is 3 - 12b?
-128
In base 14, what is 24 + 1?
25
In base 14, what is -8ad - 5?
-8b4
In base 14, what is 47d + -3?
47a
In base 7, what is 1 + -213?
-212
In base 4, what is 330 + -2?
322
In base 14, what is 1 - -2?
3
In base 9, what is 4 - 377?
-373
In base 16, what is 1 - -142?
143
In base 11, what is 9 - -45?
53
In base 4, what is -11 - 123122?
-123133
In base 15, what is -10 + 4?
-b
In base 9, what is 60 - -1?
61
In base 13, what is -3 - 3b?
-41
In base 10, what is -8 + 124?
116
In base 7, what is -1 - -11133?
11132
In base 11, what is 1 + -203?
-202
In base 12, what is -588 + -4?
-590
In base 16, what is 1d + 54?
71
In base 12, what is -524 - 31?
-555
In base 7, what is -16 + 1230?
1211
In base 4, what is -2 + -1211?
-1213
In base 11, what is -52 + 0?
-52
In base 5, what is 32 - -111?
143
In base 3, what is 1102 - 221?
111
In base 4, what is 20030 - 11?
20013
In base 15, what is -10 - 1e?
-2e
In base 4, what is -23 - -131?
102
In base 4, what is 10 - -3313?
3323
In base 10, what is -3 - -135?
132
In base 3, what is 202 - -112?
1021
In base 7, what is -14 - 62?
-106
In base 9, what is -1 - 233?
-234
In base 10, what is -134 + 2?
-132
In base 2, what is -101111001 + 101?
-101110100
In base 12, what is -45 - -4a?
5
In base 8, what is -326 + 4?
-322
In base 4, what is 10 - 110213?
-110203
In base 8, what is -46 - -4?
-42
In base 15, what is 60c - a?
602
In base 13, what is 545 + 1?
546
In base 3, what is -20221 + 12?
-20202
In base 4, what is -323 - 2?
-331
In base 13, what is -22b - 55?
-283
In base 6, what is 2 + 21?
23
In base 14, what is -69 - 1?
-6a
In base 6, what is -1323 - 0?
-1323
In base 6, what is -3422 + 4?
-3414
In base 15, what is 2 - -40?
42
In base 12, what is -16 - 4?
-1a
In base 5, what is -2 - 302?
-304
In base 9, what is 12668 + 1?
12670
In base 12, what is -8 + 11?
5
In base 14, what is -2 - 201c?
-2020
In base 5, what is 2 - -2224?
2231
In base 16, what is e9 - -3?
ec
In base 2, what is -1110100010 + 11?
-1110011111
In base 3, what is 1221 - 20?
1201
In base 13, what is 8 - 23?
-18
In base 7, what is -231 - -336?
105
In base 4, what is 112 - -32?
210
In base 11, what is a - -263?
272
In base 15, what is 4 - -4d?
52
In base 3, what is -120202 + -2?
-120211
In base 6, what is 2 - 3150?
-3144
In base 3, what is -12 - 221000?
-221012
In base 16, what is -63 + -5?
-68
In base 16, what is 0 + -1e?
-1e
In base 16, what is 4 + -2b?
-27
In base 5, what is 3 + -3344?
-3341
In base 8, what is 3 + 2763?
2766
In base 4, what is 13033 - -10?
13103
In base 4, what is 2 - -3?
11
In base 16, what is 1c + 2?
1e
In base 16, what is -c + -27?
-33
In base 9, what is -1 - 35?
-36
In base 2, what is -1 - -111?
110
In base 12, what is 1493 + 9?
14a0
In base 13, what is -23c - -9?
-233
In base 14, what is 43 + -12?
31
In base 10, what is -3 + -254?
-257
In base 7, what is 364 + -16?
345
In base 11, what is 34a - 4?
346
In base 12, what is -28 - -12?
-16
In base 16, what is c + 530?
53c
In base 11, what is 26 - a?
17
In base 2, what is -101101000100 - 0?
-101101000100
In base 12, what is -8 - 162?
-16a
In base 7, what is 4 + 2103?
2110
In base 13, what is -5 + 30?
28
In base 8, what is 1 - -117?
120
In base 12, what is 0 + -38?
-38
In base 15, what is 5 - e?
-9
In base 7, what is -136 - -140?
1
In base 4, what is -13 + 12231?
12212
In base 4, what is 10212 - 22?
10130
In base 7, what is -14 - 1115?
-1132
In base 14, what is -3 - -74d?
74a
In base 12, what is -58a + 5?
-585
In base 15, what is -da - 3?
-dd
In base 8, what is -1327 + -5?
-1334
In base 3, what is 1 - -22002?
22010
In base 5, what is 40 - -4?
44
In base 9, what is -3 + 1556?
1553
In base 16, what is -3 + 9?
6
In base 2, what is 10101 - 11010?
-101
In base 14, what is 3 - 32?
-2d
In base 2, what is 10100001111 - -101?
10100010100
In base 10, what is 0 - 54?
-54
In base 3, what is 12 - 2002?
-1220
In base 10, what is 337 + 4?
341
In base 7, what is 0 - -61?
61
In base 6, what is 25 + 3443?
3512
In base 8, what is -221 - -3?
-216
In base 13, what is 41 + -5?
39
In base 4, what is 12 - -10112?
10130
In base 8, what is -2 - -55?
53
In base 6, what is 1430 + -1?
1425
In base 10, what is 59 + -48?
11
In base 3, what is -100 + 22100?
22000
In base 16, what is -14 + 27?
13
In base 3, what is 2121101 - 0?
2121101
In base 2, what is -11100 - 10?
-11110
In base 5, what is -221330 - 4?
-221334
In base 2, what is -10111 + 1100?
-1011
In base 13, what is 169a - -5?
16a2
In base 13, what is 2 - 277?
-275
In base 11, what is a288 + -3?
a285
In base 12, what is 246a + 5?
2473
In base 12, what is 3 + -878?
-875
In base 3, what is -12 + 21?
2
In base 8, what is -427 + 2?
-425
In base 8, what is 6 + 106?
114
In base 4, what is 1 + -111312?
-111311
In base 11, what is -13 + 340?
328
In base 15, what is -81 - 5?
-86
In base 14, what is 76 - 1?
75
In base 13, what is -b + -16?
-24
In base 11, what is -662 + 3?
-65a
In base 11, what is 2 - -270?
272
In base 10, what is 27371 + 4?
27375
In base 7, what is -400 + 5?
-362
In base 14, what is 1c + -214?
-1d6
In base 15, what is a + -9d?
-93
In base 4, what is -121 + -103?
-230
In base 8, what is 772 + -16?
754
In base 12, what is -19a + -4?
-1a2
In base 15, what is 3a + 4?
3e
In base 13, what is 145 - 24?
121
In base 13, what is -38 - 4?
-3c
In base 11, what is 3551 + -2?
354a
In base 12, what is -172 - 2?
-174
In base 15, what is -4e - -2?
-4c
In base 8, what is 1 - 171?
-170
In base 8, what is -1145 + -17?
-1164
In base 9, what is -100 - 2?
-102
In base 14, what is 1c + -18?
4
In base 4, what is -11 + 2013?
2002
In base 2, what is -1001101000 + 101?
-1001100011
In base 6, what is 12 - 1?
11
In base 2, what is -1000 + 100?
-100
In base 14, what is 3 + -27?
-24
In base 16, what is -45a + 1?
-459
In base 9, what is -1 + 1070?
1068
In base 13, what is -3 + -36?
-39
In base 3, what is -2110 - -11?
-2022
In base 7, what is 2 + -165?
-163
In base 9, what is 1 + -407?
-406
In base 13, what is -27 - -13?
-14
In base 13, what is -5 + 43?
3b
In base 9, what is 1253 - 0?
1253
In base 13, what is -2229 - 5?
-2231
In base 11, what is 93 - -3?
96
In base 4, what is 11 - -101?
112
In base 9, what is -4 + 85?
81
In base 2, what is -11101010111111 - 101?
-11101011000100
In base 15, what is 36e + 1?
370
In base 7, what is -22611 - 6?
-22620
In base 9, what is -32 - 18?
-51
In base 9, what is 22 + -15?
6
In base 2, what is 1010110101 + -100?
1010110001
In base 11, what is 3 - -24a?
252
In base 15, what is -62 + -2e?
-91
In base 11, what is -359 - 3?
-361
In base 12, what is -1265 + 2?
-1263
In base 8, what is -5 - -2306?
2301
In base 3, what is 0